{"id":3,"date":"2023-12-10T23:44:08","date_gmt":"2023-12-10T23:44:08","guid":{"rendered":"https:\/\/crewquarters.de\/?page_id=3"},"modified":"2024-05-01T16:40:58","modified_gmt":"2024-05-01T15:40:58","slug":"privacy-policy","status":"publish","type":"page","link":"https:\/\/crewquarters.de\/?page_id=3","title":{"rendered":"Datenschutzerkl\u00e4rung"},"content":{"rendered":"\n\n\n<p>Hier haben wir f\u00fcr dich erg\u00e4nzende Informationen zur Verarbeitung deiner personenbezogenen Daten durch uns, die CrewQuarters GmbH &amp; co. KG, beim Zugriff auf unsere Website, insbesondere bei der \u00dcbertragung von Daten, zur Verf\u00fcgung gestellt.<\/p>\n\n\n\n<h6 class=\"wp-block-heading\">Wer wir sind<\/h6>\n\n\n\n<p>Verantwortlich f\u00fcr den Datenschutz und die Einhaltung der DSGVO ist die Gesch\u00e4ftsf\u00fchrung.\u00a0Die Kontaktdaten finden sich im\u00a0\u00a0<a href=\"https:\/\/crewquarters.de\/?page_id=72\">Impressum<\/a>.<\/p>\n\n\n\n<p>Beschwerden zur Einhaltung des Datenschutzes sind an die Beschwerdestelle des Bayerischen Landesamtes f\u00fcr Datenschutz zu richten.\u00a0Das Beschwerdeformular finden Sie unter nachfolgendem Link:\u00a0\u00a0<a href=\"https:\/\/www.lda.bayern.de\/de\/beschwerde.html\">https:\/\/www.lda.bayern.de\/de\/beschwerde.html\u00a0<\/a><\/p>\n\n\n\n<h4 class=\"wp-block-heading\"><strong>Welche personenbezogenen Daten wir sammeln und warum wir sie sammeln<\/strong><\/h4>\n\n\n\n<h6 class=\"wp-block-heading\">Auftr\u00e4ge und Mitteilungen<\/h6>\n\n\n\n<p>Wenn wir f\u00fcr dich t\u00e4tig werden (z. B. im Rahmen eines Vertrages), k\u00f6nnen wir dies nur dann, wenn du uns alle daf\u00fcr erforderlichen personenbezogenen Daten mitteilst. M\u00f6chtest du das nicht, k\u00f6nnen wir nicht f\u00fcr dich nicht t\u00e4tig werden. In einigen F\u00e4llen besteht auch eine gesetzliche Verpflichtung, uns deine personenbezogenen Daten zu \u00fcbermitteln. Dies sind regelm\u00e4\u00dfig \u00a7147 AO und \u00a7257 HGB. Also die gesetzlichen Aufbewahrungsfristen, die uns Umfang und Dauer der Speicherung von Daten vorgeben.<\/p>\n<h6>Aus diesen Quellen beziehen wir die Daten<\/h6>\n\n\n\n\n\n<p>Wir verarbeiten die personenbezogenen Daten, die wir von dir erhalten.\u00a0Zus\u00e4tzlich verarbeiten wir, wenn dies zul\u00e4ssig ist, personenbezogene Daten, die wir aus \u00f6ffentlichen Quellen (zB Schuldnerverzeichnisse (Bonit\u00e4tsdaten)) oder anderen Quellen (zB Kreditauskunfteien (Bonit\u00e4tsdaten)) erhalten.\u00a0N\u00e4heres hierzu teilen wir dir im konkreten Einzelfall gerne mit.<\/p>\n\n\n\n<p>Wenn Besucher Kommentare auf der Website schreiben, sammeln wir die Daten, die im Kommentar-Formular angezeigt werden, au\u00dferdem die IP-Adresse des Besuchers und den User-Agent-String (damit wird der Browser identifiziert), um die Erkennung von Spam zu unterst\u00fctzen .<\/p>\n\n\n\n<p>Aus deiner E-Mail-Adresse kann eine anonymisierte Zeichenfolge erstellt (auch Hash genannt) und dem Gravatar-Dienst \u00fcbergeben werden, um zu pr\u00fcfen, ob du diesen benutzt.\u00a0Die Datenschutzerkl\u00e4rung des Gravatar-Dienstes findest du hier: https:\/\/automattic.com\/privacy\/.<\/p>\n\n\n\n<h6 class=\"wp-block-heading\">Cookies<\/h6>\n\n\n\n<p>Falls du ein Konto hast, um dich auf dieser Website anzumelden, werden wir ein tempor\u00e4res Cookie setzen, um festzustellen, ob dein Browser Cookies akzeptiert.\u00a0Dieses Cookie enth\u00e4lt keine personenbezogenen Daten und wird verworfen, wenn du deinen Browser schlie\u00dft.<\/p>\n\n\n\n<p>Wenn du dich anmeldest, werden wir einige Cookies einrichten, um deine Anmeldeinformationen und Anzeigeoptionen zu speichern.\u00a0Anmelde-Cookies verfallen nach zwei Tagen und Cookies f\u00fcr die Anzeigeoptionen nach einem Jahr.\u00a0Falls du bei der Anmeldung \u201eAngemeldet bleiben\u201c ausw\u00e4hlst, wird deine Anmeldung zwei Wochen lang aufrechterhalten.\u00a0Mit der Abmeldung aus deinem Konto werden die Anmelde-Cookies gel\u00f6scht.<\/p>\n\n\n\n<p>Zur Verbesserung unserer Website setzen wir im informativen Teil unserer Website bereits transiente Cookies ein.\u00a0Transiente Cookies werden automatisch gel\u00f6scht, wenn du deinen Browser schlie\u00dft.\u00a0Diese Cookies werden vor\u00fcbergehend im Arbeitsspeicher deines Browsers gehalten.\u00a0Dies erm\u00f6glicht uns eine Auswertung, welche einzelnen Webseiten besucht werden.\u00a0Die Daten werden zu sp\u00e4teren Auswertungen anonymisiert.\u00a0Die Verwendung der Cookies erfolgt auf der Grundlage von Art.\u00a06 Abs.\u00a01 lit.\u00a0f DS-GVO.<\/p>\n\n\n\n<h6 class=\"wp-block-heading\">Eingebettete Inhalte von anderen Websites<\/h6>\n\n\n\n<p>Beitr\u00e4ge auf dieser Website k\u00f6nnen eingebettete Inhalte beinhalten (z. B. Videos, Bilder, Beitr\u00e4ge etc.).\u00a0Eingebettete Inhalte von anderen Websites verhalten sich genau so, als ob der Besucher die andere Website besucht h\u00e4tte.<\/p>\n\n\n\n<p>Diese Websites k\u00f6nnen Daten \u00fcber dich sammeln, Cookies verwenden, zus\u00e4tzliche Tracking-Dienste von Dritten einbetten und deine Interaktion mit diesem eingebetteten Inhalt aufzeichnen, inklusive deiner Interaktion mit dem eingebetteten Inhalt, falls du ein Konto hast und auf dieser Website angemeldet bist.<\/p>\n\n\n\n<h6 class=\"wp-block-heading\">Technisch notwendige Speicherung von Daten<\/h6>\n\n\n\n<p>Zur Verarbeitung Ihrer\u00a0\u00a0<strong>IP-Adresse<\/strong>\u00a0\u00a0kommt es von unserem Webhoster (Auftragsverarbeiter) w\u00e4hrend des Zugriffs von dir auf unsere Website;\u00a0Ohne die Verarbeitung Ihrer IP-Adresse k\u00f6nnten wir die Webseite in deinem Webbrowser nicht anzeigen.\u00a0Deine IP-Adresse wird kurz im fl\u00fcchtigen Speicher des Webservers gehalten, w\u00e4hrend die Webseite zu dir \u00fcbertragen wird;\u00a0Danach wird sie sofort gel\u00f6scht.\u00a0Die Verarbeitung der IP-Adresse in diesem Zusammenhang erfolgt aufgrund von Art.\u00a06 Abs.\u00a01 lit.\u00a0f DS-GVO.<\/p>\n\n\n\n<h6 class=\"wp-block-heading\">Mit wem wir Ihre Daten teilen<\/h6>\n\n\n\n<p>Wir verzichten auf externe Tracking-Dienste und Social-Media-Buttons (Likes etc.), da wir von der ungefragten Nutzung Ihrer Daten bei Verwendung derartiger Dienste ausgehen.<\/p>\n\n\n\n<h6 class=\"wp-block-heading\">Unser Webauftritt wird bei der Firma<\/h6>\n\n\n\n<p>1&amp;1 Internet SE<br \/>Elgendorferstr.\u00a057<br \/>56410 Montabaur<br \/>+49 (0) 721 96 00<\/p>\n\n\n\n<p>gehosted (Auftragsverarbeiter).\u00a0Die Datenschutzerkl\u00e4rung finden Sie unter folgendem Link:\u00a0\u00a0<a href=\"https:\/\/hosting.1und1.de\/terms-gtc\/terms-privacy\/\">https:\/\/hosting.1und1.de\/terms-gtc\/terms-privacy\/<\/a><\/p>\n\n\n\n<p>Wenn n\u00f6tig und zul\u00e4ssig oder gesetzlich vorgeschrieben, geben wir deine personenbezogenen Daten an Dritte oder an einen Auftragsverarbeiter weiter.\u00a0Dritte (Subunternehmer, Vertragspartner z.B. selbstst\u00e4ndige Anlage- oder Finanzierungsberater) oder Banken (z.B. bei Bestellung von Sicherheiten), Auskunfteien (zur Bonit\u00e4tspr\u00fcfung) oder Inkassounternehmen.<\/p>\n\n\n\n<p>Besucher-Kommentare k\u00f6nnten von einem automatisierten Dienst zur Spam-Erkennung untersucht werden.<\/p>\n\n\n\n<h6 class=\"wp-block-heading\">Wie lange wir Daten speichern<\/h6>\n\n\n\n<p>Wir speichern deine personenbezogenen Daten so lange, wie es zur Erf\u00fcllung unserer vertraglichen Pflichten oder einer gesetzlichen Pflicht n\u00f6tig ist.\u00a0Deine personenbezogenen Daten werden dann gel\u00f6scht, sobald wir sie nicht mehr ben\u00f6tigen, z.B. weil du den E-Mail-Newsletter abbestellt hast und kein Gesetz eine weitere Speicherung von uns verlangt.\u00a0Deine personenbezogenen Daten werden nicht gel\u00f6scht, solange diese zur Geltendmachung, Aus\u00fcbung oder Verteidigung von Rechtsanspr\u00fcchen ben\u00f6tigt werden.<\/p>\n\n\n\n<h6 class=\"wp-block-heading\">Welche Rechte Sie an Ihren Daten haben<\/h6>\n\n\n\n<p>Wenn du wissen m\u00f6chtest welche Daten wir \u00fcber dich gespeichert haben, sagen wir es dir, denn du hast ein Auskunftsrecht nach Art.\u00a015 DS-GVO in Verbindung mit \u00a7 34 BDSG.<\/p>\n\n\n\n<p>Wenn du uns mitteilst, dass Daten falsch sind, m\u00fcssen wir diese Daten \u00e4ndern.\u00a0Du hast ein Recht auf Berichtigung nach Art.\u00a016 DS-GVO.<\/p>\n\n\n\n<p>Du hast ein Recht auf L\u00f6schung deiner Daten nach Art.\u00a017 DS-GVO in Verbindung mit \u00a7 35 BDSG.<\/p>\n\n\n\n<p>In seltenen F\u00e4llen (z. B. wenn nicht klar ist, ob Daten richtig oder falsch sind oder wenn wir deine Daten gerne l\u00f6schen m\u00f6chten) kannst du die Einschr\u00e4nkung der Verarbeitung deiner Daten verlangen.\u00a0Du hast ein Recht auf Einschr\u00e4nkung der Verarbeitung deiner Daten nach Art.\u00a018 DS-GVO.<\/p>\n\n\n\n<p>Du hast ein Widerspruchsrecht nach Art.\u00a021 DS-GVO.<\/p>\n\n\n\n<p>Eine von dir erteilte Einwilligung in die Verarbeitung deiner Daten kannst du jederzeit mit Wirkung f\u00fcr die Zukunft widerrufen.<\/p>\n\n\n\n<p>Wenn du keine Direktwerbung von uns erhalten m\u00f6chten, kannst du dem jederzeit widersprechen und wir werden deine Daten nicht mehr f\u00fcr eine Direktwerbung verwenden.<\/p>\n\n\n<hr class=\"wp-block-separator has-alpha-channel-opacity\" \/>\n\n\n<p class=\"has-medium-font-size\"><strong>Privacy Policy<\/strong><\/p>\n\n\n\n<p>Below we have provided you with additional information on the processing of your personal data by us, CrewQuarters GmbH &amp; co. KG, when accessing our website, in particular when data is transmitted.<\/p>\n\n\n\n<h6 class=\"wp-block-heading\">Who we are<\/h6>\n\n\n\n<p>Management is responsible for data protection and compliance with the\u00a0DS-GVO. The contact details can be found in the <a href=\"https:\/\/crewquarters.de\/?page_id=72\">imprint<\/a>.<\/p>\n\n\n\n<p>Complaints about compliance with data protection should be addressed to the complaints office of the Bavarian State Office for Data Protection. The complaint form can be found under the following link: <a href=\"https:\/\/www.lda.bayern.de\/de\/beschwerde.html\" target=\"_blank\" rel=\"noreferrer noopener\">https:\/\/www.lda.bayern.de\/de\/beschwerde.html<\/a><\/p>\n\n\n\n<h4 class=\"wp-block-heading\"><strong>What personal data we collect and why we collect it<\/strong><\/h4>\n\n\n\n<h6 class=\"wp-block-heading\">Orders and Notices<\/h6>\n\n\n\n<p>If we are going to work for you (e.g. under a contract), we can only do so, if you provide us with all the personal data necessary. If you don\u2019t want to provide necessary data, we can\u2019t do anything for you. In some cases there is also a legal obligation to transmit your personal data to us. These are regulated according to German law in \u00a7147 AO and \u00a7257 HGB. These also give us the scope and duration of the storage of data.<\/p>\n\n\n\n<h6 class=\"wp-block-heading\">We obtain the data from these sources<\/h6>\n\n\n\n<p>We process the personal data that we receive from you. In addition, if permitted, we process personal data that we receive from public sources (e.g. debtor directories (creditworthiness data)) or other sources (e.g. credit information agencies (creditworthiness data)). We will be happy to provide you with more information on this in a specific individual case.<\/p>\n\n\n\n<p>When visitors leave comments on the site, we collect the data shown in the comments form, as well as the visitor\u2019s IP address and user agent string (used to identify the browser) to help spam detection .<\/p>\n\n\n\n<p>An anonymized character string (also known as a hash) can be created from your e-mail address and passed to the Gravatar service to check whether you are using it. The privacy policy of the Gravatar service can be found here: https:\/\/automattic.com\/privacy\/.<\/p>\n\n\n\n<h6 class=\"wp-block-heading\">Cookies<\/h6>\n\n\n\n<p>If you have an account and you log in to this site, we will set a temporary cookie to determine if your browser accepts cookies. This cookie contains no personal data and is discarded when you close your browser.<\/p>\n\n\n\n<p>If you log in, we will set some cookies to save your login information and viewing options. Login cookies expire after two days and display options cookies after one year. If YOU select \u201cKeep me signed in\u201d during signup, your signup WILL be kept for two weeks. If you log out of your account, the login cookies will be deleted.<\/p>\n\n\n\n<p>To improve our website, we already use transient cookies in the informative part of our website. Transient cookies are automatically deleted when you close your browser. These cookies are temporarily stored in your browser\u2019s memory. This enables us to evaluate which individual websites are visited. The data will be anonymized for later evaluations. Cookies are used on the basis of Article 6 Paragraph 1 Letter f of the\u00a0DS-GVO.<\/p>\n\n\n\n<h6 class=\"wp-block-heading\">Embedded content from other websites<\/h6>\n\n\n\n<p>Articles on this website may contain embedded content (e.g. videos, images, articles etc.). Embedded content from other websites behaves exactly as if the visitor had visited the other website.<\/p>\n\n\n\n<p>These websites may collect data about you, use cookies, embed additional third party tracking services, and record your interaction with this embedded content, including your interaction with the embedded content if you have an account and are logged in to this website.<\/p>\n\n\n\n<h6 class=\"wp-block-heading\">Technically necessary storage of data<\/h6>\n\n\n\n<p>Our web host (processor) processes your IP address when you access our website; Without processing your IP address, we would not be able to display the website in your web browser. Your IP address is briefly held in the web server\u2019s volatile memory while the web page is transmitted to you; After that, it will be deleted immediately. The IP address is processed in this context on the basis of Article 6 Paragraph 1 Letter f of the\u00a0DS-GVO.<\/p>\n\n\n\n<h6 class=\"wp-block-heading\">With whom we share your data<\/h6>\n\n\n\n<p>We do not use external tracking services and social media buttons (likes, etc.), as we assume that your data will be used without permission when using such services.<\/p>\n\n\n\n<h6 class=\"wp-block-heading\">Our website is managed by<\/h6>\n\n\n\n<p>1&amp;1 Internet SE<br \/>Elgendorferstr. 57<br \/>56410 Montabaur<br \/>+49 (0) 721 96 00<\/p>\n\n\n\n<p>hosted (processor). The data protection declaration can be found under the following link: https:\/\/hosting.1und1.de\/terms-gtc\/terms-privacy\/<\/p>\n\n\n\n<p>If necessary and permitted or prohibited by law, we pass on your personal data to third parties or to a processor. Third parties (subcontractors, contractual partners, e.g. independent investment or financing consultants) or banks (e.g. when ordering collateral), credit agencies (to check creditworthiness) or collection agencies.<\/p>\n\n\n\n<p>Visitor comments may be checked through an automated spam detection service.<\/p>\n\n\n\n<h6 class=\"wp-block-heading\">How long we store data<\/h6>\n\n\n\n<p>We store your personal data for as long as is necessary to fulfill our contractual obligations or a legal obligation. Your personal data will then be deleted as soon as we no longer need it, for example because you have unsubscribed from the e-mail newsletter and no law requires us to store it any longer. Your personal data will not be deleted as long as it is required to assert, exercise or defend legal claims.<\/p>\n\n\n\n<h6 class=\"wp-block-heading\">What rights you have to your data<\/h6>\n\n\n\n<p>If you would like to know what data we have stored about you, we will tell you, because you have a right to information according to Art. 15 DS-GVO in connection with \u00a7 34 BDSG.<\/p>\n\n\n\n<p>If YOU tell us that data is incorrect, we must report that data. You have the right to correction according to Art. 16 DS-GVO.<\/p>\n\n\n\n<p>You have the right to have your data deleted in accordance with Art. 17 GDPR in conjunction with Section 35 BDSG.<\/p>\n\n\n\n<p>In rare cases (e.g. if it is not clear whether data is correct or incorrect or if we would like to delete your data but you do not want to die) you can request that the processing of your data be restricted. You have the right to restrict the processing of your data in accordance with Art. 18 DS-GVO.<\/p>\n\n\n\n<p>You have a right of objection according to Art. 21 DS-GVO.<\/p>\n\n\n\n<p>You can revoke your consent to the processing of your data at any time with effect for the future.<\/p>\n\n\n\n<p>If you do not wish to receive direct mail from us, you can object at any time and we will no longer use your data for direct mail.<\/p>\n\n\n<hr class=\"wp-block-separator has-alpha-channel-opacity\" \/>\n\n\n<p>&nbsp;<\/p>\n","protected":false},"excerpt":{"rendered":"<p>Hier haben wir f\u00fcr dich erg\u00e4nzende Informationen zur Verarbeitung deiner personenbezogenen Daten durch uns, die CrewQuarters GmbH &amp; co. KG, beim Zugriff auf unsere Website, insbesondere bei der \u00dcbertragung von Daten, zur Verf\u00fcgung gestellt. Wer wir sind Verantwortlich f\u00fcr den Datenschutz und die Einhaltung der DSGVO ist die Gesch\u00e4ftsf\u00fchrung.\u00a0Die Kontaktdaten finden sich im\u00a0\u00a0Impressum. Beschwerden zur &hellip; <\/p>\n<p class=\"link-more\"><a href=\"https:\/\/crewquarters.de\/?page_id=3\" class=\"more-link\"><span class=\"screen-reader-text\">\u201eDatenschutzerkl\u00e4rung\u201c<\/span> weiterlesen<\/a><\/p>\n","protected":false},"author":1,"featured_media":46,"parent":0,"menu_order":0,"comment_status":"closed","ping_status":"closed","template":"","meta":{"footnotes":""},"class_list":["post-3","page","type-page","status-publish","has-post-thumbnail","hentry"],"_links":{"self":[{"href":"https:\/\/crewquarters.de\/index.php?rest_route=\/wp\/v2\/pages\/3","targetHints":{"allow":["GET"]}}],"collection":[{"href":"https:\/\/crewquarters.de\/index.php?rest_route=\/wp\/v2\/pages"}],"about":[{"href":"https:\/\/crewquarters.de\/index.php?rest_route=\/wp\/v2\/types\/page"}],"author":[{"embeddable":true,"href":"https:\/\/crewquarters.de\/index.php?rest_route=\/wp\/v2\/users\/1"}],"replies":[{"embeddable":true,"href":"https:\/\/crewquarters.de\/index.php?rest_route=%2Fwp%2Fv2%2Fcomments&post=3"}],"version-history":[{"count":9,"href":"https:\/\/crewquarters.de\/index.php?rest_route=\/wp\/v2\/pages\/3\/revisions"}],"predecessor-version":[{"id":123,"href":"https:\/\/crewquarters.de\/index.php?rest_route=\/wp\/v2\/pages\/3\/revisions\/123"}],"wp:featuredmedia":[{"embeddable":true,"href":"https:\/\/crewquarters.de\/index.php?rest_route=\/wp\/v2\/media\/46"}],"wp:attachment":[{"href":"https:\/\/crewquarters.de\/index.php?rest_route=%2Fwp%2Fv2%2Fmedia&parent=3"}],"curies":[{"name":"wp","href":"https:\/\/api.w.org\/{rel}","templated":true}]}}